?
49
What is the greatest common divisor of 702 and 24557936?
26
What is the highest common divisor of 1829 and 1094393?
31
Calculate the highest common factor of 26016 and 159520.
32
Calculate the greatest common divisor of 203188 and 54984.
316
Calculate the highest common factor of 5217 and 10363312.
47
Calculate the highest common factor of 45211788 and 10345.
2069
Calculate the highest common factor of 2346 and 3062818.
46
Calculate the highest common factor of 106 and 640261942.
106
Calculate the highest common divisor of 425561 and 5015.
17
What is the greatest common divisor of 118011 and 346944?
417
What is the greatest common divisor of 354660756 and 192?
12
Calculate the highest common factor of 23205 and 6144411.
273
Calculate the highest common divisor of 2209200 and 31360.
560
What is the highest common divisor of 40775 and 63525?
175
What is the greatest common divisor of 6 and 1802657274?
6
What is the greatest common divisor of 24108485 and 1725?
115
What is the greatest common factor of 6923763 and 7857?
873
What is the highest common factor of 4775 and 274849?
191
What is the greatest common divisor of 80486 and 574?
14
Calculate the highest common divisor of 171702 and 314.
2
Calculate the greatest common divisor of 33898981 and 549.
61
What is the greatest common factor of 576481 and 4088?
73
What is the greatest common divisor of 25435124 and 1378?
1378
What is the highest common factor of 18972 and 480828?
204
Calculate the highest common factor of 28613750 and 8250.
2750
What is the greatest common factor of 622309 and 27637?
953
What is the highest common divisor of 2845791 and 48672?
1521
Calculate the greatest common divisor of 1818 and 3049796.
202
What is the highest common divisor of 13223325 and 215616?
3369
What is the highest common factor of 126059 and 17871?
37
What is the highest common divisor of 27356195 and 15565?
1415
Calculate the greatest common factor of 552 and 10527008.
184
Calculate the greatest common factor of 118624501 and 679.
97
Calculate the greatest common factor of 821516 and 57348.
236
What is the greatest common factor of 2251462 and 1074?
358
What is the greatest common factor of 1202 and 1367918671?
601
What is the greatest common divisor of 24112369 and 1537?
29
Calculate the greatest common divisor of 1 and 196879.
1
Calculate the highest common factor of 21321840 and 9120.
240
What is the greatest common factor of 332 and 147353386?
166
Calculate the highest common divisor of 1514 and 39743257.
757
What is the highest common factor of 77013910 and 7990?
170
What is the highest common divisor of 216 and 424880964?
108
Calculate the highest common factor of 550548 and 204.
12
Calculate the greatest common divisor of 141075 and 88920.
855
What is the highest common divisor of 99 and 431530?
11
Calculate the highest common factor of 2353017 and 9.
3
What is the highest common divisor of 2301 and 28969?
59
What is the greatest common factor of 10188213 and 60270?
861
Calculate the highest common divisor of 41 and 198074649.
41
Calculate the greatest common factor of 23760 and 89778960.
720
Calculate the highest common divisor of 239 and 236045004.
239
Calculate the highest common divisor of 1482 and 676020.
114
What is the greatest common divisor of 327690 and 1361734?
7282
What is the greatest common factor of 2700 and 559717020?
540
Calculate the greatest common divisor of 309744 and 4551552.
1296
What is the highest common divisor of 8353 and 53?
1
What is the highest common divisor of 10 and 186121345?
5
Calculate the greatest common factor of 373332 and 106212.
636
What is the greatest common factor of 4250 and 8996060?
170
Calculate the highest common divisor of 5 and 3303961.
1
What is the highest common divisor of 437174 and 6349?
907
Calculate the greatest common divisor of 34064 and 9360.
16
What is the highest common divisor of 2765 and 91005235?
395
What is the greatest common factor of 71210 and 25010?
10
Calculate the greatest common divisor of 14135 and 24596185.
1285
What is the highest common factor of 147245 and 39375?
35
What is the highest common factor of 805334 and 62092?
38
What is the greatest common divisor of 39163496 and 21988?
956
Calculate the greatest common divisor of 43753438 and 326.
326
What is the greatest common factor of 13556322 and 29484?
2106
What is the greatest common factor of 26080 and 27904?
32
What is the highest common factor of 1750852620 and 120?
60
Calculate the highest common factor of 975 and 83998200.
975
What is the highest common factor of 115328 and 881178?
1802
Calculate the greatest common divisor of 126 and 40410531.
63
Calculate the greatest common factor of 47 and 1159682.
1
What is the highest common divisor of 111232856 and 56?
56
What is the highest common factor of 81060 and 651756?
84
What is the greatest common factor of 276 and 6542994?
138
Calculate the highest common factor of 325 and 17651660.
65
Calculate the highest common factor of 16623 and 1143.
9
Calculate the highest common divisor of 24835484 and 174.
58
Calculate the greatest common divisor of 75 and 11703950.
25
What is the highest common factor of 687391329 and 57?
57
What is the greatest common factor of 38 and 17793367?
19
Calculate the highest common divisor of 124712 and 17217592.
7336
What is the highest common divisor of 15 and 107874615?
15
Calculate the highest common factor of 48163411 and 118.
59
What is the greatest common factor of 162157 and 1030231?
971
Calculate the highest common divisor of 30849044 and 5908.
844
What is the greatest common factor of 2948 and 12101?
1
What is the greatest common factor of 6141960 and 28512?
2376
What is the greatest common factor of 6994604 and 21659?
179
What is the greatest common divisor of 1258695 and 2205665?
1685
What is the greatest common factor of 63600 and 1096464?
2544
What is the greatest common divisor of 1510 and 76560020?
1510
Calculate the highest common factor of 175272 and 1476732.
1308
Calculate the greatest common divisor of 3477 and 152361.
57
Calculate the highest common divisor of 78528 and 3237644.
1636
What is the greatest common factor of 18995 and 19709212?
3799
Calculate the highest common factor of 234198 and 39063359.
4337
What is the highest common divisor of 32056772 and 968?
484
What is the highest common divisor of 14209 and 10622867?
1093
What is the greatest common factor of 4939136 and 1408?
128
Calculate the greatest common factor of 410 and 105384842.
82
What is the greatest common divisor of 324 and 131228?
4
What is the highest common divisor of 869640 and 200?
40
Calculate the greatest common factor of 75 and 248598825.
75
What is the greatest common factor of 220304 and 1263122?
98
What is the greatest common divisor of 51630 and 139290?
30
Calculate the greatest common divisor of 3495 and 315375.
15
What is the highest common factor of 1039170 and 30150?
2010
Calculate the highest common divisor of 32984 and 11360632.
4712
Calculate the highest common divisor of 3540 and 253051.
59
What is the highest common divisor of 909 and 256336485?
303
Calculate the greatest common factor of 3658 and 990202.
62
What is the greatest common factor of 3925 and 3271095?
785
Calculate the greatest common divisor of 14 and 979769.
7
Calculate the highest common factor of 103061 and 1666.
7
Calculate the highest common divisor of 8795802 and 24.
6
Calculate the greatest common divisor of 11314853 and 57739.
1991
What is the greatest common factor of 742 and 196400934?
106
What is the highest common divisor of 340 and 3641230?
170
Calculate the highest common factor of 76042 and 11327894.
394
What is the highest common factor of 549 and 1105038?
9
What is the highest common factor of 4691020 and 960?
20
What is the greatest common divisor of 137807 and 147098?
19
Calculate the highest common divisor of 58029 and 52854.
69
What is the highest common divisor of 31027 and 159505?
437
Calculate the highest common factor of 1524 and 131050284.
1524
Calculate the highest common divisor of 615718598 and 1254.
418
Calculate the greatest common factor of 1410698 and 904618.
6326
Calculate the highest common factor of 229 and 24805967.
229
Calculate the highest common factor of 484058 and 